digit of 2523?
3
What is the hundreds digit of 6879?
8
What is the thousands digit of 25324?
5
What is the hundreds digit of 3348?
3
What is the tens digit of 9015?
1
What is the units digit of 1251?
1
What is the units digit of 363?
3
What is the tens digit of 6057?
5
What is the hundreds digit of 41417?
4
What is the tens digit of 49755?
5
What is the units digit of 607?
7
What is the units digit of 40473?
3
What is the hundreds digit of 7066?
0
What is the units digit of 44880?
0
What is the units digit of 5602?
2
What is the tens digit of 15655?
5
What is the units digit of 82915?
5
What is the ten thousands digit of 79552?
7
What is the units digit of 1216?
6
What is the tens digit of 198?
9
What is the hundreds digit of 9796?
7
What is the thousands digit of 10981?
0
What is the units digit of 4861?
1
What is the hundreds digit of 112007?
0
What is the thousands digit of 2263?
2
What is the units digit of 3869?
9
What is the units digit of 5119?
9
What is the hundreds digit of 924?
9
What is the tens digit of 1097?
9
What is the thousands digit of 7642?
7
What is the thousands digit of 1682?
1
What is the thousands digit of 18699?
8
What is the thousands digit of 62802?
2
What is the ten thousands digit of 34671?
3
What is the units digit of 355?
5
What is the tens digit of 1429?
2
What is the thousands digit of 5210?
5
What is the thousands digit of 69848?
9
What is the tens digit of 2953?
5
What is the units digit of 2887?
7
What is the units digit of 1153?
3
What is the hundreds digit of 8043?
0
What is the tens digit of 367?
6
What is the ten thousands digit of 22953?
2
What is the thousands digit of 53567?
3
What is the tens digit of 2705?
0
What is the tens digit of 821?
2
What is the tens digit of 888?
8
What is the ten thousands digit of 11221?
1
What is the units digit of 1203?
3
What is the hundreds digit of 8894?
8
What is the units digit of 420?
0
What is the units digit of 332?
2
What is the tens digit of 1670?
7
What is the hundreds digit of 1008?
0
What is the tens digit of 127?
2
What is the thousands digit of 4718?
4
What is the units digit of 1260?
0
What is the hundreds digit of 23316?
3
What is the tens digit of 874?
7
What is the tens digit of 1297?
9
What is the thousands digit of 23185?
3
What is the thousands digit of 2112?
2
What is the units digit of 26565?
5
What is the hundreds digit of 4468?
4
What is the units digit of 3252?
2
What is the units digit of 24871?
1
What is the thousands digit of 8636?
8
What is the hundreds digit of 1120?
1
What is the hundreds digit of 8514?
5
What is the hundreds digit of 54026?
0
What is the thousands digit of 2866?
2
What is the units digit of 845?
5
What is the units digit of 917?
7
What is the hundreds digit of 1788?
7
What is the hundred thousands digit of 125929?
1
What is the thousands digit of 10488?
0
What is the units digit of 2008?
8
What is the units digit of 803?
3
What is the units digit of 52955?
5
What is the units digit of 112000?
0
What is the tens digit of 3904?
0
What is the units digit of 10786?
6
What is the ten thousands digit of 60007?
6
What is the tens digit of 1977?
7
What is the units digit of 605?
5
What is the thousands digit of 2597?
2
What is the tens digit of 60189?
8
What is the units digit of 1341?
1
What is the thousands digit of 9104?
9
What is the tens digit of 833?
3
What is the thousands digit of 5749?
5
What is the hundreds digit of 13062?
0
What is the units digit of 2794?
4
What is the units digit of 3424?
4
What is the units digit of 777?
7
What is the tens digit of 3834?
3
What is the hundreds digit of 290?
2
What is the tens digit of 10642?
4
What is the tens digit of 1154?
5
What is the hundreds digit of 2160?
1
What is the ten thousands digit of 13493?
1
What is the units digit of 93893?
3
What is the tens digit of 13972?
7
What is the units digit of 20003?
3
What is the hundreds digit of 130?
1
What is the hundreds digit of 4446?
4
What is the thousands digit of 1369?
1
What is the hundreds digit of 20644?
6
What is the hundreds digit of 6016?
0
What is the tens digit of 3806?
0
What is the hundreds digit of 1146?
1
What is the hundreds digit of 11008?
0
What is the thousands digit of 33927?
3
What is the thousands digit of 8108?
8
What is the thousands digit of 29491?
9
What is the units digit of 157?
7
What is the units digit of 9778?
8
What is the thousands digit of 2401?
2
What is the hundreds digit of 2292?
2
What is the hundreds digit of 6592?
5
What is the tens digit of 2190?
9
What is the thousands digit of 6534?
6
What is the hundreds digit of 6772?
7
What is the tens digit of 67562?
6
What is the units digit of 2555?
5
What is the thousands digit of 27792?
7
What is the tens digit of 653?
5
What is the tens digit of 299?
9
What is the thousands digit of 4493?
4
What is the ten thousands digit of 21542?
2
What is the units digit of 15321?
1
What is the units digit of 3722?
2
What is the tens digit of 200?
0
What is the hundreds digit of 6255?
2
What is the tens digit of 149?
4
What is the tens digit of 2594?
9
What is the units digit of 2986?
6
What is the hundreds digit of 10805?
8
What is the hundreds digit of 7324?
3
What is the tens digit of 17561?
6
What is the thousands digit of 11712?
1
What is the thousands digit of 1593?
1
What is the hundreds digit of 207?
2
What is the hundreds digit of 4811?
8
What is the hundreds digit of 16441?
4
What is the tens digit of 8805?
0
What is the units digit of 598?
8
What is the tens digit of 184385?
8
What is the tens digit of 3308?
0
What is the units digit of 32748?
8
What is the units digit of 3399?
9
What is the units digit of 79997?
7
What is the hundreds digit of 2496?
4
What is the hundreds digit of 223?
2
What is the ten thousands digit of 156667?
5
What is the tens digit of 371?
7
What is the units digit of 32226?
6
What is the thousands digit of 32264?
2
What is the units digit of 82?
2
What is the tens digit of 22074?
7
What is the thousands digit of 9580?
9
What is the units digit of 5204?
4
What is the thousands digit of 14991?
4
What is the thousands digit of 27704?
7
What is the thousands digit of 1312?
1
What is the hundreds digit of 1733?
7
What is the hundreds digit of 9328?
3
What is the tens digit of 6521?
2
What is the tens digit of 681?
8
What is the hundreds digit of 544?
5
What is the units digit of 15956?
6
What is the units digit of 1675?
5
What is the hundreds digit of 1604?
6
What is the tens digit of 1437?
3
What is the hundreds digit of 384?
3
What is the thousands digit of 6401?
6
What is the hundreds digit of 1681?
6
What is the units digit of 2782?
2
What is the ten thousands digit of 21068?
2
What is the tens digit of 22692?
9
What is the ten thousands digit of 29337?
2
What is the tens digit of 36689?
8
What is the tens digit of 69518?
1
What is the tens digit of 1877?
7
What is the hundreds digit of 9942?
9
What is the hundreds digit of 3684?
6
What is the hundreds digit of 21733?
7
What is the hundreds digit of 16668?
6
What is the hundreds digit of 25869?
8
What is the hundreds digit of 2326?
3
What is the hundreds digit of 23957?
9
What is the hundreds digit of 3762?
7
What is the hundreds digit of 698?
6
What is the thousands digit of 2432?
2
What is the hundreds digit of 878?
8
What is the thousands digit of 13964?
3
What is the units digit of 10508?
8
What is the hundreds digit of 24725?
7
What is the units digit of 1308?
8
What is the tens digit of 3270?
7
What is the units digit of 104?
4
What is the ten thousands digit of 10035?
1
What is the tens digit of 3123?
2
What is the thousands digit of 3527?
3
What is the hundreds digit of 4615?
6
What is the tens digit of 14971?
7
What is the units digit of 8850?
0
What is the thousands digit of 44033?
4
What is the units digit of 799?
9
What is the tens digit of 1920?
2
What is the tens digit of 552?
5
What is the units digit of 4004?
4
What is the ten thousands digit of 15138?
1
What is the hundreds digit of 770?
7
What is the units digit of 1961?
1
What is the units digit of 12012?
2
What is the tens digit of 1131?
3
What is the hundreds digit of 9265?
2
What is the units digit of 25599?
9
What is the hundreds digit of 89646?
6
What is the units digit of 3039?
9
What is the tens 